*m + 14. Let r(v) = -v**3 + 9*v**2 + 3*v + 5. Let s(i) = -2*c(i) + 7*r(i). Give s(-6).
13
Let k(t) = -t**3 + t. Let c be (-2)/3*(-9)/2. Suppose -3*z = c*s - 24, 28 = 2*z + 7*s - 2*s. Suppose 4*p - 7*p + 14 = z*n, 0 = 4*p - n + 13. What is k(p)?
6
Let g(k) = k**3 + 3*k**2 - k + 7. Let h(d) = d**3 + 2*d**2 - d + 6. Let b(r) = -3*g(r) + 4*h(r). Give b(0).
3
Let z(m) = 9*m + 1. Let a be z(-1). Let n = -5 - a. Let y(s) = -s**3 + 4*s**2 - s + 2. Calculate y(n).
8
Let b(q) = q**3 - 5*q**2 + 4*q. Let a(s) = s + 10. Let t = 18 + -31. Let y = t + 6. Let v be a(y). What is b(v)?
-6
Let k = 5 + -3. Let a = k + -2. Suppose s = -a*s - 4. Let o(u) = -u**2 - 4*u - 2. Calculate o(s).
-2
Let y(q) be the third derivative of q**4/12 + 2*q**3/3 + 2*q**2 - 3*q. Calculate y(-2).
0
Let d(s) = s**2 + 3*s - 1. Suppose -2*t + 1 + 1 = 2*r, r - t = -7. Give d(r).
-1
Let x(j) = -j**2 - 7*j - 5. Let m be x(-6). Let t(h) = h - 2. Determine t(m).
-1
Let o(y) be the third derivative of y**4/3 + 12*y**2. Let w(v) = v**3 - 6*v**2 - 7*v + 1. Let t be w(7). What is o(t)?
8
Suppose -3*d + d = -3*u - 3, 3*d - 8 = u. Let t(z) = -4*z - 2*z**2 - 1 + z**3 + 4*z**2 + d*z + z**2. Give t(-3).
2
Let i = 11 - 7. Let n(v) = -i + 0 + 2*v - 3*v + 1. Let b(a) = a**2 + 10*a - 2. Let y be b(-10). Determine n(y).
-1
Let q = 32 - 27. Let a(b) = b**2 - 5*b + 2. Give a(q).
2
Suppose -2*k = -47 - 33. Let v = 23 - k. Let i = -12 - v. Let n(s) = -s**2 + 8*s - 6. What is n(i)?
9
Let c(y) = -4*y**2 + y + 3. Let b(j) = j**2 - j. Let m(a) = 3*b(a) + c(a). Suppose 5*q = -5, 7 = -v - 0*v - 2*q. Give m(v).
-12
Let k(a) = -4*a. Let h(m) = -3 + m + 3. Let g be h(-1). Calculate k(g).
4
Let m(r) = r**3 - 2*r**2 - 5*r. Let y = -60 + 64. What is m(y)?
12
Let i(g) = g**3 - 3*g**2 - g - 7. Let w be i(4). Let q(t) = -t**3 + 5*t**2 - 2*t + 5. Give q(w).
-5
Let u(m) = 11*m + 2. Let z(t) = -t**2 - 5*t - 4. Let b be z(-3). Give u(b).
24
Let o(s) = -s**2 - s + 1. Let m(d) = -d**3 + 4*d**2 - 8*d + 4. Let v(x) = -m(x) + 2*o(x). Give v(5).
3
Let p(y) = 4*y - 11. Let j(o) = 11*o - 32. Let h(u) = 3*j(u) - 8*p(u). Give h(0).
-8
Let h(n) = -14*n**3 - 47*n**2 + 14*n + 33. Let s(b) = -5*b**3 - 16*b**2 + 5*b + 11. Let f(x) = 6*h(x) - 17*s(x). Calculate f(10).
1
Suppose -v + 21 = -3*k, 2*v + 0*k - 32 = 4*k. Let g(w) be the second derivative of -w**4/12 + 7*w**3/6 + w**2/2 - w. Give g(v).
7
Let m(g) = g**3 - 5*g**2 - 7*g + 8. Suppose -l + 2*p = -10, -5*p = -2 + 12. Determine m(l).
2
Let w(m) = -15*m + 10. Let s(r) = -9*r + 3. Let j(c) = -10*c + 2. Let k(o) = -2*j(o) + 3*s(o). Let a(f) = 13*k(f) - 6*w(f). Calculate a(5).
0
Suppose -4*h + 8 - 24 = 0. Let m(q) be the third derivative of -q**4/12 - 5*q**3/6 - 3*q**2. Give m(h).
3
Let l = 56 + -50. Let a(y) = -y**3 + 7*y**2 - 7*y + 9. Calculate a(l).
3
Let m(k) = -2*k + 1. Let r be m(3). Let y(c) = -3*c + 6. Let a(l) = 2*l. Let b(z) = 2*a(z) + y(z). What is b(r)?
1
Let u(a) be the third derivative of -a**4/24 - 7*a**3/3 + a**2. Determine u(-6).
-8
Suppose -3*q + 5*q + 4 = -4*b, -2*b + 5*q = 14. Let t be (b/(3 - 1))/(-1). Let v(m) = 9*m**2 + m. What is v(t)?
10
Let r(q) = q + 1. Let b(y) = y**3 - y**3 - y**3. Let n be b(0). Suppose n*g - 4 = 2*g. Determine r(g).
-1
Let j(g) = -g**3 - 6*g**2 - 7*g - 4. Suppose -3 = l + 2. Let d be 3/(-2) - l/(-2). Calculate j(d).
-8
Let x(l) = -l**3 + l**2 - l + 4. Suppose -5*b + 8 = 4*h, 4*b - 2*h + 4 + 0 = 0. What is x(b)?
4
Let x(t) = -2*t + 2. Suppose -2*g + 6*g = 8. Suppose o - 5*k + 21 = -g*o, 0 = 4*o - k + 11. Let a be 1 + o - 24/(-6). What is x(a)?
-4
Suppose -5*u + 7 = -3. Let m = -1 + 4. Let v(a) = -2 - a - 3*a**2 + m*a + a. Calculate v(u).
-8
Let m be (2/(-2))/(1/(-4)). Let p be (m/((-8)/(-6)))/(-1). Let i(b) = -3*b - 4. Determine i(p).
5
Let t(q) = 2*q - q**2 + 1 + 0*q + q**3 + 0*q**2 + 3*q**2. Let b = 13 - 9. Suppose -b*l - 1 = 3. Calculate t(l).
0
Let o(h) be the second derivative of -h**3/6 - h**2 + 8*h. What is o(6)?
-8
Let u(y) = -2*y**3 + 4*y**2 - 2*y - 2. Let s = 91 + -88. Determine u(s).
-26
Let g(r) = 2*r**2 + r + 2. Let i be (-1 - 4)*(-1)/5. Let v = i + -3. Give g(v).
8
Let b(f) = -f**2 + 4*f - 2. Let a be -2*(4 + (-13)/2). What is b(a)?
-7
Let o(i) = -i**3 + 5*i**2 + 5*i + 7. Suppose -2*c = 5*b - 0*c - 36, 3*b - 15 = c. What is o(b)?
1
Let z be (-4)/(-14) - (-12)/7. Let q(s) = s**z - 5*s**3 + s**3 + 0*s**3 - s. What is q(1)?
-4
Let o(y) = y + 4. Suppose -9*m - 2 = 52. Determine o(m).
-2
Let z(o) = o**3 - o. Let j(r) = 4*r**3 - 4*r**2 - 5*r + 1. Let w(y) = j(y) - 5*z(y). Suppose 5*d + 2*x - 1 = -2*x, 0 = -x + 4. Give w(d).
-8
Let s(l) = -11 + 8*l - 18 + 40 - 12. What is s(1)?
7
Let b(q) be the first derivative of -7*q**2/2 - 28. What is b(1)?
-7
Let c(p) be the third derivative of -p**6/120 + p**5/15 - p**4/8 + p**3/2 - 2*p**2 - 24. Determine c(4).
-9
Let n be (-14)/(-4) - 9/(-18). Let o be (1*n)/(0 - 1). Let s(a) = -5*a**2 + 7*a + 2. Let l(m) = -4*m**2 + 6*m + 1. Let w(f) = -6*l(f) + 5*s(f). What is w(o)?
-8
Let c(d) = -d**3 + 4*d**2 + 5*d - 1. Suppose 19*q - 20 = 15*q. What is c(q)?
-1
Let h(y) = y**3 - 17*y**2 + 17*y - 22. Let z be h(16). Let m(k) = -k - 3. What is m(z)?
3
Let s(a) = -a**2 + 7*a + 6. Let g(x) = 2*x**2 - 20*x - 17. Let f(k) = 4*k. Let p be f(1). Let n(h) = p*g(h) + 11*s(h). Give n(-2).
-8
Let n(c) be the second derivative of -c**5/20 - c**4/3 + 7*c**3/6 + 3*c**2/2 + 2*c. Calculate n(-5).
-7
Let a(u) = -2*u + 7. Let t(p) = 1. Let f(g) = a(g) - 3*t(g). Give f(-3).
10
Let k(v) = 0 + 2 - 2*v**3 + 2*v + v**3 - 1 + 3*v**2. Let s be (-9)/(-4) - 3/12. What is k(s)?
9
Let s(n) be the first derivative of 4*n**3/3 - 3*n**2/2 - 7. What is s(2)?
10
Let z(h) = -h**2 + 2*h + 2. Let f be (-9)/15 - (-60)/(-25). Determine z(f).
-13
Let m(p) be the first derivative of -4*p**2 + p + 6. Determine m(1).
-7
Let w(r) = r**2 - 6. Let b be -15*((-36)/(-15) - 3). Suppose -5*u + b = -3*u - 3*a, 0 = 5*u - 5*a - 15. Calculate w(u).
-6
Let y(f) be the first derivative of -4*f**2 + f + 3. Suppose 4*v + 1 = -3. Let r be v/(((-6)/(-3))/(-2)). Calculate y(r).
-7
Let n(u) be the second derivative of 3*u**5/20 - u**4/6 + u**3/6 - 2*u. Suppose -r + 6*r = 15, 5*p + 4*r = 152. Let c be p/21 - (-2)/(-6). Give n(c).
2
Let k = -17 - -21. Let s = 2 + -1. Let h(c) = -s + c + 0 + 4. Determine h(k).
7
Let s(b) = -b**2 - 40*b + 1 + 40*b. Give s(-3).
-8
Suppose h + 4*h = 100. Suppose 4*a + 3*o = 8, 0 = 6*o - o + h. Let i(g) = 5*g**2 + 2 + 0*g + a*g - 4*g**2. Determine i(-2).
-4
Let p(x) = 0 - 1 + x + 1. Calculate p(-2).
-2
Suppose -5 + 0 = -5*u. Let t = u + 1. Let q(n) = 0*n**3 + n - 3*n - 5*n**t + 5 + n**3 + n. Determine q(5).
0
Let j(n) be the first derivative of -n**4/4 + 10*n**3/3 - 5*n**2 + 4*n - 33. Calculate j(9).
-5
Let a(n) be the first derivative of -n**3/3 - 2*n**2 + n - 13. Let b = -3 - 0. Let s be (-6 + 2)*b/(-4). Determine a(s).
4
Let a(x) = x**3 - x**2 - 2*x - 2. Let d(g) = g**2 + g + 1. Let j(f) = -a(f) + 2*d(f). Give j(4).
4
Suppose 3*t - 7*t = -16. Let y(h) = t*h + 0*h**3 - 1 + 6*h**3 - 4*h. Calculate y(-1).
-7
Let f(i) = i**2 + i + 1. Let x(q) = -4*q**2 - q - 4. Let s(k) = -3*f(k) - x(k). Calculate s(2).
1
Let w(c) = -3*c - 5. Let d(f) = -5*f - 9. Let y(x) = -4*d(x) + 7*w(x). Suppose 9*m - 25 = 4*m. Determine y(m).
-4
Let j(s) = s**2 + 6*s + 7. Suppose -4*k - k = -n - 20, -4*n = -3*k + 29. Determine j(n).
2
Let f(k) = -k**3 + 4*k**2 - k - 3. Let a be f(3). Let x(z) be the second derivative of 0 - 4*z - 1/2*z**2 - 5/6*z**a. What is x(2)?
-11
Let v(m) = -2*m - 3. Let b be v(-2). Let k be (-9)/6*(3 - b). Let y(t) = -t**2 - 4*t - 2. Determine y(k).
1
Suppose -3*t - 2*n + 5 + 1 = 0, -n = 0. Let r(k) = k**2 + 4 + 0*k - 2*k - t*k - 2*k. Give r(5).
-1
Let t(i) = i + 10 + 4*i - 6*i - 7. Calculate t(0).
3
Let y(b) = -1. Let w(u) = -u**3 + u**2 - u - 4. Let t(a) = w(a) - 5*y(a). Calculate t(0).
1
Let r be (34/(-85))/((-2)/(-5)). Let d(h) = -10*h**3 - 2*h - 1. Determine d(r).
11
Let u(c) = c**3 - 6*c**2 + 6*c - 5. Let p be u(5). Let l = p - -3. Let z = 8 - l. Let k(q) = q**3 - 6*q**2 + 3*q + 7. Calculate k(z).
-3
Let l be 0*(-3)/12 - -2. Suppose n + 3 = 5. Suppose 3*f + 6 = -3*r, n*f + 3*r = f - l. Let s(j) = 2*j**2 + 2*j + 1. Give s(f).
5
Let x(d) = 0*d + d + 1 + 0*d. Let j(w) = -2. Let m(b) = -j(b) - x(b). What is m(-5)?
6
Suppose 0 = t - 3*u - 8, 2*u + 